= 0. Suppose -5*d - 141 + j = 4*l, -4*l - d + 2616 = 0. What is the tens digit of l?
5
Let k(p) = -p**3 + 5*p**2 - 4*p - 3. Let x be k(3). Suppose -x*l - 4*j + 7 = 19, 12 = -4*j. What is the units digit of l - (942/9)/(2/(-3))?
7
Suppose k - 8 = -3*k. Let q be (-7 + (-59)/(-4))/(1/4). Suppose q = x + k. What is the units digit of x?
9
Let r = -2695 - -16386. What is the tens digit of r?
9
Suppose 60*s = 63*s - 9. Suppose -s*t = -t - 896. What is the tens digit of t?
4
Suppose -3*v = -2*y + 166 + 890, -3*y - 5*v = -1546. Let w = 884 - y. What is the tens digit of w?
6
Let t(x) = 117*x - 64. Let h be t(6). Let q = h - 204. What is the hundreds digit of q?
4
Let r = 13 - 15. Let f be (5 + -4)*(r + -2). What is the tens digit of (57 - 4) + f/(-1)?
5
Let c(d) = -d**3 - 76*d**2 - 11*d - 824. Let u be c(-76). Let k(h) = h + 1. Let s be k(0). What is the tens digit of u/30 - -478*s/5?
9
Let b be (-1 - (2 + -4))*20. Let j = 20 - b. What is the tens digit of j*(-2)/6 - -84?
8
Suppose -74*p + 82*p - 69358 = 5026. What is the units digit of p?
8
Let w(u) = -381*u + 585. What is the thousands digit of w(-18)?
7
Let m be (24/4)/(4 - 3). What is the hundreds digit of m/15 + (1 - 4569/(-15))?
3
Let w(y) = y**3 + 11*y**2 + 20*y + 25. Let k be w(-9). Let o(s) = -s**3 + 5*s**2 + 42*s - 1. What is the units digit of o(k)?
5
Let z(b) = 4*b**2 - 12*b - 10. Let x be z(-11). Suppose 0 = -3*y - 15*h + 12*h + 909, 2*y - x = 3*h. What is the hundreds digit of y?
3
Suppose 255*o = 280*o - 254075. What is the units digit of o?
3
Suppose -x - 7 = -3*l + 41, 2*l + 23 = -x. Let d = x + 24. Let b(c) = -4*c - 11. What is the units digit of b(d)?
5
Suppose -w + k + 1 - 3 = 0, -3*k = 3*w - 18. Let m be 238 + w/(-6)*-6. Suppose 0 = -x + a + 57, 5*x + 4*a - m = -0*x. What is the tens digit of x?
5
Let x(p) = -2*p**2 - 50*p - 66. Let u(a) = -2*a**2 + 38*a + 62. Let w be u(21). What is the tens digit of x(w)?
6
Suppose -5*x + 45 = 2*t, -x + 27 = 4*t - 0*t. Let l be 3/9*-1*3 + x. Suppose 4*z - 182 = l. What is the units digit of z?
7
Let y = -645 + 662. Let v(n) = -2*n**3 + 38*n**2 - 7*n - 92. What is the tens digit of v(y)?
4
Let y(q) be the third derivative of q**5/30 + 7*q**4/24 - 23*q**3/6 + q**2. Suppose l + 9 = 8 - 11. What is the hundreds digit of y(l)?
1
Let j be (-170 - 1)/(2 + -2 + -1). Let b = 661 - j. What is the tens digit of b?
9
Let u(q) = 17*q + 51. Let n(m) = 9*m + 26. Let v(t) = -7*n(t) + 4*u(t). Let o be v(8). What is the tens digit of o - (4 + -4 + -2)?
6
Suppose -58 + 254 = 3*x - q, -q - 131 = -2*x. Let t = x + -63. What is the units digit of (-439)/(-4) - t/(-8)?
0
Suppose 0 = 109*s - 86*s - 329360. What is the ten thousands digit of s?
1
Suppose 2*b - 13 + 21 = 0. Let u be (-2)/13 + b/(-26). Suppose u = -4*g + 10*g - 282. What is the tens digit of g?
4
Let v be 4/(-18) + 21/((-1890)/(-200)). What is the tens digit of -8*((-45)/90)/(v/548)?
9
Let f(h) = 1708*h + 1042. What is the tens digit of f(1)?
5
What is the tens digit of ((2/2)/(9/(-661158)))/(-1)?
6
Let b(i) = -i**3 - 24*i**2 - 18*i - 21. Let o be b(-23). Let a = 110 - o. What is the tens digit of a?
4
Let a be 152/(-10)*75/(-10). Suppose -170 = a*z - 119*z. Suppose -z*u = -26*u - 1256. What is the tens digit of u?
5
Suppose -4880 = -110*h + 118210. What is the tens digit of h?
1
Let z(s) = 3*s + 5. Suppose 2*o + 2 = 2*p + 10, -o + 1 = 0. Let t(f) = -6*f - 10. Let v be t(p). What is the tens digit of z(v)?
2
Let n be (-1)/((-3 - -6)/(-6)). What is the units digit of 3*n*(6 - 606/(-12))?
9
Let x(i) = 3*i**2 - 30*i + 4. Let a be x(11). Suppose a*r - 6940 = 27*r. What is the hundreds digit of r?
6
Let l(h) = -6*h**2 + 6*h + 54. Let j(c) = -2*c**2 + 2*c + 18. Let z(a) = -7*j(a) + 2*l(a). Let r = 18 - 10. What is the tens digit of z(r)?
9
Suppose -d = z - 8943, z - d - 8935 = -4*d. What is the thousands digit of z?
8
Let w be (3/(45/(-55)))/((-6)/(-198)). Let i = 1240 - w. What is the thousands digit of i?
1
Let r(v) = -69*v + 27. Let x(j) = -10*j + 4. Let n(z) = 4*r(z) - 30*x(z). Let f be n(11). Suppose 11*w - f = 8*w. What is the tens digit of w?
8
Suppose -x + 2*m = -2216, 4*x - 3*m + m = 8870. Suppose -3*t = 2*r - 1120, 4*r + 6*t - 11*t = x. What is the tens digit of r?
5
Let r(m) = 3*m**2 + 4 - 2 - 2 + 2. What is the units digit of r(3)?
9
What is the hundreds digit of 2 + -5 + (-327522)/(-40 - -14)?
5
Let r = 176 - 176. Suppose 13*v - 9*v - 7936 = r. What is the hundreds digit of v?
9
Suppose -42*h + 742 = 238. Suppose -h*f + 15428 = 1208. What is the thousands digit of f?
1
Let h(a) = 2*a + 12. Suppose -7*s = -s + 18. Let o be h(s). Suppose -3*f = x - o*f - 120, 3*x - 338 = -2*f. What is the tens digit of x?
1
Let d(o) = 1. Let h(l) = -l - 8. Let x(v) = 4*d(v) - h(v). Let y be x(-6). What is the units digit of -1 + 194 + (y - 5)?
4
Suppose -19*i + 17*i = -4*m + 31060, 2*m = 4*i + 15518. What is the tens digit of m?
6
Let z(u) be the second derivative of u**3/2 - 7*u**2 - 13*u. Let n be z(7). Suppose 145 = n*q - 100. What is the units digit of q?
5
Let g(o) = 5*o - 51. Let b be g(11). Suppose u = b*n - 431, -4*n + 319 = -n - 5*u. What is the hundreds digit of n?
1
Suppose -33*d = 20*d + 201787 - 1100720. What is the units digit of d?
1
Suppose t - 3*i = 4 - 5, -7 = -t - 5*i. Suppose -r - 3*q = -0*r - 380, t*r - 756 = -4*q. Suppose r - 72 = 2*a. What is the tens digit of a?
5
What is the ten thousands digit of (-7 - (-1027)/91)/((-12)/245728*-4)?
2
Let j be (0 - -1)/((-10)/30). Suppose -10*k - 4776 = -6*k. What is the tens digit of ((-1)/4)/(j/k)*-2?
9
Let a(z) = -2*z**3 - 10*z**2 - 33*z - 254. What is the tens digit of a(-15)?
4
Let m = -596 + 7167. What is the thousands digit of m?
6
Suppose 0 = -2*s - 55*t + 58*t + 4499, 2*s - 2*t - 4502 = 0. What is the hundreds digit of s?
2
Let c(h) = 129*h**2 - 18*h - 23. Let u be c(-3). Suppose -5*z + 4622 = u. What is the tens digit of z?
8
Let w(c) be the first derivative of -316*c**2 - 54*c + 12. What is the tens digit of w(-2)?
1
Suppose -5*w + 1634 = 4*o, -805 - 205 = -3*w + 5*o. Suppose -4*b + w = 6*b. What is the tens digit of b?
3
Let c = -28 + 31. Let u(s) = -s**2 + 4*s. Let p be u(c). Suppose 142 = p*r + 4*f, -4*r = -2*r - 3*f - 123. What is the units digit of r?
4
Let z be (((-630)/(-25))/3)/((-3)/(-170)). What is the units digit of z + 18/3 + -1?
1
Suppose -10*d + 6*d + 4 = 0. Suppose o - 16 = d. Suppose -3*r - 3*i - o = -8*i, 4*r + 8 = 3*i. What is the units digit of r?
1
Let f(i) = -i**3 + 41*i**2 - 96*i + 186. What is the hundreds digit of f(21)?
9
Let q be ((-7)/(35/(-25)))/(1/1). Suppose 0 = -q*z + 1010 + 55. Suppose 0 = 9*l - 84 - z. What is the tens digit of l?
3
Let y(s) = 2*s + 30. Let h = -45 - -31. Let o be y(h). Suppose -166 = -o*u + 4*l, u - 228 = -2*u - l. What is the tens digit of u?
7
Let s be ((-66)/18)/((-2)/12). Let n(z) = -2*z**3 + 44*z**2 + 15*z - 47. What is the hundreds digit of n(s)?
2
Suppose -5*a + 3*u - 12 = 0, -a = -4*a - 4*u - 13. What is the tens digit of (-331)/(-4)*(1 - a)?
3
Let m(v) be the second derivative of 5*v**4/3 + 2*v**3/3 + 5*v**2/2 + 6*v - 10. What is the tens digit of m(4)?
4
Let d(v) be the second derivative of -22*v + 7/2*v**2 + 1/12*v**4 - 2/3*v**3 + 0. What is the units digit of d(0)?
7
Suppose 19*m - 33548 = 9*m + 16502. What is the units digit of m?
5
Let i(u) be the third derivative of 1/8*u**4 + 1/120*u**6 + 0 + 12*u**2 + 1/12*u**5 + 0*u**3 + 0*u. What is the units digit of i(-3)?
9
Let j(a) = a**2 - 16. Let q(n) = -n**2 - 12*n + 11. Let y be q(-9). Suppose -3*v + 0*b + b + 47 = 0, -2*v + 2*b = -y. What is the hundreds digit of j(v)?
1
Suppose 0 = -2*q + 3*j + 2567 + 425, 3*q - 4473 = -3*j. What is the hundreds digit of q?
4
Let v be 181*-2*(-3 + 3/(-6)). Suppose 2*l - v = -m, 0 = -2*m + 4 - 6. What is the units digit of l?
4
Let f(t) = -23*t + 50. Let b be f(-6). Let u = -41 - 26. Let l = u + b. What is the tens digit of l?
2
Let w = 22 - -8. Suppose w = 7*u + 387. Let z = u - -124. What is the units digit of z?
3
Let t be 1*((-39)/3 - 2). Let c be 70/t*14/4*-6. Let s = 273 - c. What is the units digit of s?
5
Let x = 20796 - 19852. Suppose -4*k - 259 = 5*h - 1288, 2*k + 4*h = 522. Suppose x = 9*u + k. What is the units digit of u?
7
Let v = -62 - -90. Suppose v*w - 1082 = 11798. What is the hun